100. What is the units digit of n?
0
Let a = -10204 + 17737. What is the thousands digit of a?
7
Let x(h) = -6*h + 6. Let t be x(-2). Let k(n) = 17*n + 113. What is the units digit of k(t)?
9
Suppose -6*s + 5 + 79 = 0. Suppose -s*b + 15*b = 5. Suppose 528 = b*x - x. What is the units digit of x?
2
Suppose -13*o - 28149 = -2*o. Let c = -1796 - o. What is the hundreds digit of c?
7
Suppose -2*d - 50 + 12 = 0. Suppose -2*u = -2*s - 48, 3*u + 4*s - 14 - 79 = 0. Let y = u + d. What is the units digit of y?
8
Let a(f) = -58*f**3 - 2*f**2 - 27*f + 56. What is the hundreds digit of a(-6)?
6
Let b = 1859 + 24172. What is the hundreds digit of b?
0
Let q(p) = 37*p**3 - 12*p**2 + 16*p - 344. What is the units digit of q(13)?
5
Suppose 5*k + 3 = -12, 5*k = 5*h + 10. What is the tens digit of (402/6 - 8) + h/1?
5
Suppose -35 = -2*f - 31. Suppose f*w = -69 - 127. Let j = w - -198. What is the tens digit of j?
0
Let p(v) = 3*v**2 - 43*v - 174. Let q(t) = 10*t**2 - 128*t - 524. Let i(y) = -7*p(y) + 2*q(y). What is the units digit of i(43)?
6
Suppose -66*j + 128*j = 42*j + 239120. What is the hundreds digit of j?
9
What is the tens digit of (-97)/(-194)*(-3 - 3/(-3) - -23166)?
8
Suppose -2*q - 2*d + 9588 = 0, 8 = 4*d - 0. What is the tens digit of q?
9
Let h be 3*((66/18 - -1) + -3). Suppose x - 203 = -t + 3*x, -h*t - 5*x + 985 = 0. What is the hundreds digit of t?
1
Let m(a) = -a**3 - 5*a**2 + 5*a - 4*a - 11 - 13*a**3 - 4*a. Let l be m(-5). Suppose 9*n = -270 + l. What is the hundreds digit of n?
1
What is the units digit of 7 - (-5)/((-50)/(-139460))?
3
Suppose w + 3*w + g - 4935 = 0, w - g - 1240 = 0. What is the units digit of w?
5
Let y = 17775 + -10146. What is the units digit of y?
9
Suppose -6*n + 2*n + 281 = -j, 0 = -5*n - 4*j + 346. Suppose -n*b + 68*b = -72. Suppose 7*m - 370 = b. What is the tens digit of m?
5
Suppose -91 + 69 = -2*b. Suppose 134 = -b*y + 1135. What is the units digit of y?
1
Suppose -3*f = 146*f - 1186338. What is the hundreds digit of f?
9
Suppose 0 = -2*m + 9 - 1. Suppose -2*r + 4 = 0, 2*r + 0*r = m*o + 4. What is the units digit of (o - 2/3)/(9/(-621))?
6
Let t(p) = 40*p**2 + 172*p - 996. What is the tens digit of t(6)?
7
Let o be (-2 + 364)*3/(12/22). Suppose 3*k - o = -707. What is the hundreds digit of k?
4
Let v = -5 - -8. Suppose 0 = 2*q - 5*l - 122, -2*q + v*l - 2*l = -130. What is the units digit of q?
6
Let j = 159 - 181. Let r = 166 - j. What is the tens digit of r?
8
What is the hundreds digit of (-208)/(-1976) - 205386/(-38)?
4
Let z(u) = 33*u - 12. Suppose -g - 5*s - 6 = 0, 5*g - 3*g + 12 = -s. Let a be z(g). Let j = -107 - a. What is the units digit of j?
3
Let f(t) = 104*t**3 - 4*t**2 + 7*t - 11. Let b be f(2). What is the units digit of b + (3 - 8) + 1?
5
Suppose 5*h - h = -204. Let b = -56 - h. What is the units digit of -109*2/(b + 12/4)?
9
Let m(r) = r**3 + 26*r**2 + 2*r - 15. What is the hundreds digit of m(-10)?
5
Let y = 75902 + -37318. What is the units digit of y?
4
What is the thousands digit of -6 + -7 - (3 - 7931)?
7
Let y(p) = p + 117. Suppose 9 = 3*j - 16*g + 19*g, -4*g + 12 = j. What is the tens digit of y(j)?
1
Suppose -1 = -k + 4*g - 5*g, 2*k - 17 = -5*g. What is the units digit of k - (-1 - 0 - 730)?
7
Suppose 71 - 63 = 2*q. Suppose 448 = q*n - 2248. What is the tens digit of n?
7
Let y(p) = -3*p - 3. Let f be y(0). Let z be (-30)/((-7)/f + -3). Suppose 0 = -4*j + j + z. What is the tens digit of j?
1
Let w(u) = 31*u - 1. Let j be w(2). Let d = 21 - j. Let q = d + 53. What is the tens digit of q?
1
Let s be (-36)/(-30)*10/4. Suppose -s*z + 2065 = 2*z + l, 3*z + 3*l - 1239 = 0. What is the hundreds digit of z?
4
Let m(z) be the second derivative of 1/2*z**2 - 15*z - 39/20*z**5 + 0 + 1/3*z**3 + 1/6*z**4. What is the tens digit of m(-1)?
4
Suppose 0 = 104*d - 96*d - 21312. What is the hundreds digit of d?
6
Suppose -4*f - 2*b + 24823 = -18989, -f = b - 10955. What is the tens digit of f?
5
Let u(m) = m**3 - 17*m**2 + 71*m + 9. Let i be u(9). What is the units digit of 15 + 3 - (-4 + (1 - i))?
1
Let i(k) = -k**3 - 10*k**2 + 23*k + 10. Let l be i(-18). Let p = 3141 - l. What is the tens digit of p?
5
Let p(v) = -v**3 - 16*v**2 - 41*v - 30. Let k be p(-13). What is the tens digit of 185 - (7 + k) - (1 + -3)?
8
Let q(o) = -o**3 - 23*o**2 + 25*o + 28. Let x be (-1)/(-6)*-8*18. Let s be q(x). Suppose 7*r = -s*r + 44. What is the units digit of r?
4
Suppose -81 = -5*t + 49. Suppose 0 = -3*x - 3 - 3. Let s = x + t. What is the units digit of s?
4
Suppose -2*s - 3*k + 97 = -14, s - 88 = 5*k. Suppose -2*b - 5 = -s. Let r = 105 - b. What is the units digit of r?
6
Suppose -w - l + 4846 = 0, 7*l = 6*l + 2. What is the units digit of w?
4
Let s(x) = -164*x + 5134. What is the hundreds digit of s(-88)?
5
Let l(b) = -b - 37. Let q be l(-7). What is the thousands digit of 3/q - 175131/(-110)?
1
Let s be (-2 - -12)*(-4 - 88/(-20)). Suppose -s*x = 2*n - 1826, -10 = 12*x - 7*x. What is the hundreds digit of n?
9
Let n be 102/12 + 21/(-14). Suppose -16*w + 864 = -n*w. What is the tens digit of w?
9
Let x = 67 + -43. Suppose -x*k + 21*k = 48. What is the tens digit of (-1)/(6/k)*27?
7
Suppose -a - 216 = a + 4*l, -588 = 5*a - 2*l. Let r = a + 364. What is the hundreds digit of r?
2
Suppose f + 8 = 2*h, 2*h - 2*f - 1 = 5. Suppose -5*v - 10*g + 3820 = -h*g, 3*g - 1528 = -2*v. What is the hundreds digit of v?
7
Let a = 11131 + -6316. What is the thousands digit of a?
4
Suppose -n = n - 5*n. Suppose n = 5*k + 2*k - 91. What is the units digit of k?
3
Suppose -9*x + 18804 + 23271 = 0. What is the units digit of x?
5
Let x(m) = -m + 7. Let c(n) = -3*n - 20. Let f(i) = 3*c(i) + 6*x(i). Let h(s) = -4*s**2 - 3*s. Let z be h(-2). What is the hundreds digit of f(z)?
1
Suppose n = -l - 7 + 313, 0 = 2*l - 4*n - 600. Suppose -5*d = -l - 86. Let o = 111 - d. What is the units digit of o?
3
Let n = 528 - 705. Let b = n + 1121. What is the hundreds digit of b?
9
Suppose 0 = 5*y + 4*d - 123388, -24724 = -15*y + 14*y + 5*d. What is the thousands digit of y?
4
Suppose -2*a = -5*w - 12616, -3*a + 113*w + 18849 = 118*w. What is the tens digit of a?
9
Suppose 5*v - 430 = -5*n, -5*v + 356 = -v - 2*n. Suppose -v*x + 93*x = 950. What is the hundreds digit of x?
1
Let v(z) = -2035*z + 418. What is the tens digit of v(-10)?
6
Suppose -98780 = -2*q - 2*g, 0 = 24*g - 26*g - 16. What is the tens digit of q?
9
Let b(a) be the first derivative of -a**4/4 - 9*a**3 + 17*a**2 - 45*a + 54. What is the hundreds digit of b(-29)?
6
Let g(p) = -p**3 - 15*p**2 + 16*p - 4. Let c be g(-16). What is the hundreds digit of ((-6585)/(-30))/(((-2)/c)/1)?
4
Let h = 135 + -133. Suppose 2*j + 344 = 4*j + 4*q, -h*q - 164 = -j. What is the hundreds digit of j?
1
Let u be 1/(-2 - 115/(-60)). What is the units digit of (460/3)/(u/(-36))?
0
Let h(f) = 28*f**2 + 2631*f + 138. What is the units digit of h(-94)?
2
Suppose -8 - 10 = -3*v. Suppose -2*q + 4*m - 14 - v = 0, 2*m = -5*q + 10. Suppose t - 67 - 11 = q. What is the tens digit of t?
7
Suppose -48*c + 979210 = 374410. What is the units digit of c?
0
Let d(z) be the first derivative of 344*z**3/3 - 3*z**2/2 - 16*z - 147. What is the units digit of d(-2)?
6
Let c(n) = -3*n**2 + 155*n + 78. What is the tens digit of c(40)?
7
Let i = -294 - -394. Suppose -i*s + 3042 = -94*s. What is the hundreds digit of s?
5
Suppose 288*h - 792875 - 786659 = 166*h. What is the hundreds digit of h?
9
Suppose 3*h - 5*x = 6554, -h + x - 4*x = -2166. What is the hundreds digit of h?
1
Suppose s + 4*y - 6 = 0, -2*s - 4*y + 5 = -3. Let i(t) = 244*t**2 - 9*t + 13. What is the tens digit of i(s)?
7
Suppose 159 + 101 = -5*g + 5*n, -3*g - 160 = -n. Let j be g/(-135) + (-3656)/(-10). Let t = j - 184. What is the hundreds digit of t?
1
Let f = -990 + 969. Let q(g) = -g**3 - 20*g**2 + 2*g + 27. What is the units digit of q(f)?
6
Suppose -8*m + 16 = -4*m. Suppose 180 = 4*r + 4*c, 134 = m*r + 2*c - 48. What is the tens digit of 1/(-2)*-4 + 2*r?
9
Let k = 144 - 150. Let x(j) = 21*j**2 - 7*j - 11. What is the hundreds digit of x(k)?
7
Let u(l) = -5*l + 15. Let m(w) = w - 16. Let t be m(19). Let s be u(t). Suppose -548 = -5*c - q - 90, s = 5*c - 4*q - 468. What is the tens digit of c?
9
Let f(a) = a**2 - 6*a + 34. Let c be ((-27)/21)/((-6)/42). Let x be f(